?
1
What is the ten thousands digit of 98544?
9
What is the ten thousands digit of 544611?
4
What is the hundred thousands digit of 1469869?
4
What is the units digit of 217723?
3
What is the units digit of 2417092?
2
What is the tens digit of 2451461?
6
What is the ten thousands digit of 8861372?
6
What is the ten thousands digit of 1691511?
9
What is the ten millions digit of 21618184?
2
What is the ten thousands digit of 823226?
2
What is the millions digit of 16590684?
6
What is the hundreds digit of 2255225?
2
What is the thousands digit of 8596117?
6
What is the thousands digit of 1398517?
8
What is the hundred thousands digit of 5030560?
0
What is the units digit of 200956?
6
What is the thousands digit of 5242016?
2
What is the tens digit of 428294?
9
What is the thousands digit of 169126?
9
What is the ten millions digit of 10995908?
1
What is the tens digit of 1333093?
9
What is the hundreds digit of 366409?
4
What is the millions digit of 8050751?
8
What is the ten thousands digit of 15135765?
3
What is the thousands digit of 692231?
2
What is the thousands digit of 3011038?
1
What is the units digit of 2283140?
0
What is the units digit of 2468376?
6
What is the hundred thousands digit of 119330?
1
What is the thousands digit of 5601779?
1
What is the tens digit of 32763543?
4
What is the ten thousands digit of 18262492?
6
What is the ten thousands digit of 838493?
3
What is the thousands digit of 34024?
4
What is the units digit of 692078?
8
What is the hundred thousands digit of 1209365?
2
What is the hundred thousands digit of 3679547?
6
What is the millions digit of 5557568?
5
What is the thousands digit of 3789999?
9
What is the tens digit of 2466463?
6
What is the thousands digit of 736615?
6
What is the thousands digit of 1645988?
5
What is the hundreds digit of 932541?
5
What is the units digit of 155885?
5
What is the hundreds digit of 2899702?
7
What is the thousands digit of 4674668?
4
What is the ten thousands digit of 145776?
4
What is the hundred thousands digit of 6900327?
9
What is the hundreds digit of 329557?
5
What is the ten thousands digit of 251635?
5
What is the ten thousands digit of 185657?
8
What is the hundreds digit of 719259?
2
What is the units digit of 312070?
0
What is the ten thousands digit of 1970263?
7
What is the thousands digit of 397256?
7
What is the millions digit of 2038908?
2
What is the thousands digit of 465804?
5
What is the hundred thousands digit of 6893644?
8
What is the ten thousands digit of 271337?
7
What is the hundreds digit of 137544?
5
What is the ten thousands digit of 975974?
7
What is the units digit of 451532?
2
What is the thousands digit of 84259?
4
What is the thousands digit of 222609?
2
What is the tens digit of 44195?
9
What is the ten thousands digit of 3282759?
8
What is the ten thousands digit of 5167721?
6
What is the hundred thousands digit of 673771?
6
What is the hundred thousands digit of 220323?
2
What is the tens digit of 5247317?
1
What is the hundred thousands digit of 27343703?
3
What is the millions digit of 4139189?
4
What is the hundreds digit of 505105?
1
What is the thousands digit of 372445?
2
What is the units digit of 532373?
3
What is the millions digit of 1018407?
1
What is the hundred thousands digit of 212351?
2
What is the tens digit of 6968187?
8
What is the ten thousands digit of 75516?
7
What is the units digit of 9171234?
4
What is the thousands digit of 828314?
8
What is the tens digit of 189271?
7
What is the hundred thousands digit of 1227524?
2
What is the tens digit of 5556577?
7
What is the hundreds digit of 19554479?
4
What is the hundreds digit of 9733256?
2
What is the thousands digit of 4591062?
1
What is the tens digit of 319109?
0
What is the thousands digit of 1850364?
0
What is the thousands digit of 20453417?
3
What is the ten thousands digit of 634211?
3
What is the ten thousands digit of 1539264?
3
What is the tens digit of 166059?
5
What is the hundred thousands digit of 637257?
6
What is the millions digit of 1812109?
1
What is the tens digit of 7839229?
2
What is the hundreds digit of 3384399?
3
What is the millions digit of 1131763?
1
What is the units digit of 1536309?
9
What is the millions digit of 3989298?
3
What is the hundred thousands digit of 2022706?
0
What is the hundred thousands digit of 13294852?
2
What is the hundreds digit of 1184762?
7
What is the hundreds digit of 7209?
2
What is the units digit of 399686?
6
What is the ten thousands digit of 468496?
6
What is the millions digit of 3795473?
3
What is the hundred thousands digit of 3378751?
3
What is the hundreds digit of 1157080?
0
What is the ten thousands digit of 3821365?
2
What is the hundreds digit of 190154?
1
What is the units digit of 323138?
8
What is the hundreds digit of 244342?
3
What is the hundreds digit of 1943103?
1
What is the hundreds digit of 17450518?
5
What is the ten thousands digit of 806387?
0
What is the hundred thousands digit of 883455?
8
What is the ten thousands digit of 98737?
9
What is the hundreds digit of 83959?
9
What is the tens digit of 61274?
7
What is the hundred thousands digit of 1933265?
9
What is the hundreds digit of 740975?
9
What is the hundreds digit of 9243?
2
What is the ten thousands digit of 561441?
6
What is the units digit of 341870?
0
What is the ten thousands digit of 14614964?
1
What is the units digit of 1090645?
5
What is the hundreds digit of 512189?
1
What is the hundred thousands digit of 1034744?
0
What is the thousands digit of 79050?
9
What is the thousands digit of 97976?
7
What is the thousands digit of 709055?
9
What is the hundreds digit of 426794?
7
What is the millions digit of 4972985?
4
What is the hundred thousands digit of 1330921?
3
What is the ten thousands digit of 200976?
0
What is the thousands digit of 650096?
0
What is the millions digit of 13380236?
3
What is the units digit of 114044?
4
What is the thousands digit of 882021?
2
What is the units digit of 1021222?
2
What is the units digit of 5812552?
2
What is the ten thousands digit of 360948?
6
What is the ten thousands digit of 73523?
7
What is the thousands digit of 3667521?
7
What is the thousands digit of 6462850?
2
What is the tens digit of 546527?
2
What is the ten thousands digit of 457987?
5
What is the tens digit of 228865?
6
What is the units digit of 45843?
3
What is the units digit of 2568911?
1
What is the hundred thousands digit of 4060115?
0
What is the millions digit of 21612373?
1
What is the hundred thousands digit of 511578?
5
What is the millions digit of 9058616?
9
What is the ten millions digit of 15525999?
1
What is the hundred thousands digit of 197319?
1
What is the millions digit of 4754744?
4
What is the units digit of 444840?
0
What is the millions digit of 2422845?
2
What is the tens digit of 576241?
4
What is the tens digit of 8479919?
1
What is the hundreds digit of 3411912?
9
What is the units digit of 5730534?
4
What is the hundreds digit of 2405250?
2
What is the units digit of 272385?
5
What is the thousands digit of 32007600?
7
What is the hundreds digit of 451069?
0
What is the units digit of 59553?
3
What is the thousands digit of 242293?
2
What is the ten thousands digit of 5388617?
8
What is the thousands digit of 9506?
9
What is the ten thousands digit of 139293?
3
What is the hundred thousands digit of 3890659?
8
What is the tens digit of 1287045?
4
What is the thousands digit of 1051247?
1
What is the units digit of 638010?
0
What is the hundred thousands digit of 786177?
7
What is the hundreds digit of 31562526?
5
What is the ten thousands digit of 3001601?
0
What is the units digit of 1472377?
7
What is the units digit of 146517?
7
What is the hundreds digit of 481516?
5
What is the hundreds digit of 3892938?
9
What is the units digit of 1714581?
1
What is the hundreds digit of 273150?
1
What is the units digit of 288440?
0
What is the hundreds digit of 3168114?
1
What is the hundreds digit of 4254209?
2
What is the thousands digit of 139745?
9
What is the thousands digit of 2712156?
2
What is the units digit of 850599?
9
What is the tens digit of 3671?
7
What is the ten thousands digit of 1378300?
7
What is the hundreds digit of 12626?
6
What is the tens digit of 51197